
Calculate the remainder when 61 is divided by 23.
15
Calculate the remainder when 407 is divided by 102.
101
Calculate the remainder when 367 is divided by 8.
7
What is the remainder when 539 is divided by 516?
23
Calculate the remainder when 168 is divided by 59.
50
What is the remainder when 137 is divided by 47?
43
What is the remainder when 194 is divided by 7?
5
Calculate the remainder when 671 is divided by 173.
152
Calculate the remainder when 694 is divided by 31.
12
Calculate the remainder when 314 is divided by 79.
77
What is the remainder when 784 is divided by 29?
1
What is the remainder when 342 is divided by 69?
66
What is the remainder when 676 is divided by 126?
46
Calculate the remainder when 4167 is divided by 278.
275
Calculate the remainder when 40 is divided by 15.
10
What is the remainder when 242 is divided by 15?
2
Calculate the remainder when 440 is divided by 67.
38
Calculate the remainder when 21 is divided by 12.
9
Calculate the remainder when 585 is divided by 40.
25
Calculate the remainder when 631 is divided by 200.
31
What is the remainder when 331 is divided by 44?
23
Calculate the remainder when 3084 is divided by 88.
4
Calculate the remainder when 648 is divided by 111.
93
What is the remainder when 1236 is divided by 148?
52
What is the remainder when 284 is divided by 43?
26
What is the remainder when 207 is divided by 198?
9
What is the remainder when 82 is divided by 35?
12
Calculate the remainder when 76 is divided by 16.
12
Calculate the remainder when 96 is divided by 19.
1
What is the remainder when 176 is divided by 138?
38
What is the remainder when 28 is divided by 16?
12
Calculate the remainder when 160 is divided by 125.
35
What is the remainder when 514 is divided by 450?
64
Calculate the remainder when 80 is divided by 9.
8
Calculate the remainder when 318 is divided by 67.
50
Calculate the remainder when 14 is divided by 5.
4
Calculate the remainder when 10183 is divided by 35.
33
Calculate the remainder when 295 is divided by 76.
67
Calculate the remainder when 714 is divided by 63.
21
Calculate the remainder when 2110 is divided by 44.
42
What is the remainder when 293 is divided by 21?
20
What is the remainder when 2562 is divided by 77?
21
What is the remainder when 311 is divided by 28?
3
What is the remainder when 344 is divided by 15?
14
Calculate the remainder when 123 is divided by 25.
23
What is the remainder when 5640 is divided by 19?
16
Calculate the remainder when 2969 is divided by 226.
31
Calculate the remainder when 131 is divided by 41.
8
Calculate the remainder when 33027 is divided by 30.
27
What is the remainder when 875 is divided by 110?
105
What is the remainder when 1175 is divided by 19?
16
What is the remainder when 1066 is divided by 11?
10
What is the remainder when 1910 is divided by 248?
174
What is the remainder when 4402 is divided by 37?
36
Calculate the remainder when 355 is divided by 90.
85
Calculate the remainder when 92 is divided by 12.
8
Calculate the remainder when 1479 is divided by 57.
54
What is the remainder when 62 is divided by 1?
0
What is the remainder when 219 is divided by 9?
3
Calculate the remainder when 159 is divided by 45.
24
Calculate the remainder when 116 is divided by 39.
38
What is the remainder when 129 is divided by 43?
0
What is the remainder when 216 is divided by 73?
70
What is the remainder when 170 is divided by 89?
81
What is the remainder when 3314 is divided by 100?
14
What is the remainder when 112 is divided by 37?
1
What is the remainder when 992 is divided by 21?
5
Calculate the remainder when 469 is divided by 19.
13
Calculate the remainder when 9394 is divided by 3.
1
Calculate the remainder when 14038 is divided by 108.
106
What is the remainder when 99 is divided by 29?
12
What is the remainder when 4305 is divided by 216?
201
What is the remainder when 88 is divided by 32?
24
What is the remainder when 7852 is divided by 17?
15
Calculate the remainder when 161 is divided by 26.
5
What is the remainder when 1253 is divided by 4?
1
Calculate the remainder when 10617 is divided by 45.
42
Calculate the remainder when 702 is divided by 37.
36
What is the remainder when 316 is divided by 14?
8
Calculate the remainder when 287 is divided by 16.
15
Calculate the remainder when 7312 is divided by 77.
74
Calculate the remainder when 28 is divided by 8.
4
Calculate the remainder when 7 is divided by 3.
1
What is the remainder when 570 is divided by 115?
110
What is the remainder when 1188 is divided by 70?
68
Calculate the remainder when 739 is divided by 106.
103
Calculate the remainder when 74 is divided by 21.
11
Calculate the remainder when 1123 is divided by 9.
7
What is the remainder when 406 is divided by 8?
6
What is the remainder when 404 is divided by 68?
64
Calculate the remainder when 789 is divided by 24.
21
Calculate the remainder when 511 is divided by 64.
63
Calculate the remainder when 454 is divided by 96.
70
What is the remainder when 1378 is divided by 115?
113
Calculate the remainder when 5569 is divided by 82.
75
What is the remainder when 3345 is divided by 93?
90
What is the remainder when 74 is divided by 22?
8
What is the remainder when 1412 is divided by 202?
200
Calculate the remainder when 3485 is divided by 14.
13
Calculate the remainder when 246 is divided by 12.
6
What is the remainder when 387 is divided by 99?
90
Calculate the remainder when 1022 is divided by 45.
32
What is the remainder when 148 is divided by 30?
28
What is the remainder when 2208 is divided by 33?
30
What is the remainder when 1334 is divided by 3?
2
Calculate the remainder when 248 is divided by 5.
3
Calculate the remainder when 94 is divided by 39.
16
Calculate the remainder when 225 is divided by 19.
16
Calculate the remainder when 130 is divided by 32.
2
Calculate the remainder when 1208 is divided by 55.
53
Calculate the remainder when 452 is divided by 138.
38
Calculate the remainder when 456 is divided by 14.
8
Calculate the remainder when 905 is divided by 297.
14
Calculate the remainder when 35 is divided by 14.
7
What is the remainder when 988 is divided by 83?
75
What is the remainder when 117 is divided by 32?
21
What is the remainder when 477 is divided by 54?
45
What is the remainder when 593 is divided by 17?
15
What is the remainder when 528 is divided by 53?
51
Calculate the remainder when 143 is divided by 25.
18
What is the remainder when 389 is divided by 17?
15
Calculate the remainder when 1219 is divided by 71.
12
Calculate the remainder when 5843 is divided by 150.
143
Calculate the remainder when 624 is divided by 25.
24
Calculate the remainder when 48761 is divided by 341.
339
What is the remainder when 10583 is divided by 36?
35
What is the remainder when 7433 is divided by 169?
166
Calculate the remainder when 367 is divided by 114.
25
What is the remainder when 105 is divided by 11?
6
What is the remainder when 16 is divided by 6?
4
Calculate the remainder when 381 is divided by 55.
51
What is the remainder when 1484 is divided by 16?
12
What is the remainder when 561 is divided by 24?
9
What is the remainder when 84 is divided by 5?
4
Calculate the remainder when 1084 is divided by 354.
22
Calculate the remainder when 2120 is divided by 194.
180
What is the remainder when 331 is divided by 9?
7
What is the remainder when 339 is divided by 87?
78
Calculate the remainder when 5872 is divided by 178.
176
What is the remainder when 199 is divided by 46?
15
What is the remainder when 472 is divided by 119?
115
What is the remainder when 108 is divided by 30?
18
What is the remainder when 696 is divided by 70?
66
Calculate the remainder when 587 is divided by 165.
92
What is the remainder when 2295 is divided by 82?
81
What is the remainder when 500 is divided by 14?
10
Calculate the remainder when 9202 is divided by 242.
6
What is the remainder when 153 is divided by 18?
9
Calculate the remainder when 45 is divided by 8.
5
What is the remainder when 1280 is divided by 426?
2
Calculate the remainder when 491 is divided by 123.
122
What is the remainder when 1314 is divided by 430?
24
Calculate the remainder when 4627 is divided by 26.
25
Calculate the remainder when 17 is divided by 12.
5
Calc